 is the units digit of d?
1
Let m(x) = -10*x**2 - 2*x - 17. Let l(j) = -9*j**2 - 2*j - 17. Let b(q) = -7*l(q) + 6*m(q). What is the units digit of b(-4)?
7
Let y(p) = -10*p + 4. Let h(s) = 2*s**2 - 3*s - 2. Let r be h(3). Let q be y(r). What is the units digit of (-3)/9*1*q?
2
Let m = 916 + 290. What is the hundreds digit of m?
2
Suppose 0 = 6*l - 11*l - 40. Let o(q) = -q**3 - 10*q**2 - 17*q + 8. What is the tens digit of o(l)?
1
Suppose 0 = 14*i - 2527 - 4473. Suppose 3*o = 4*j + 530, 5*o - 2*j = 8*o - i. What is the units digit of o?
0
Suppose b = -w - 3 - 1, -2*b + 4*w = 14. Let z(l) = 6*l**2 - 4*l + 3. What is the hundreds digit of z(b)?
1
Let v = 1791 + -959. What is the hundreds digit of v?
8
Let s(m) = m - 4. Let c be (-57)/(-9) - (-3)/(-9). Let x be s(c). Suppose x*w = 23 + 11. What is the units digit of w?
7
Let x(a) = 7*a + 0 + 8*a**2 - 1 - 8*a + 61*a**2. What is the units digit of x(-1)?
9
Suppose 2*t - 6 + 0 = 0. Suppose -t*f = -5*f + 8. What is the units digit of f?
4
Suppose -5*o - o = -534. Let c = o + -22. What is the tens digit of c?
6
Let y be 10/4 + 39/(-26). Suppose 4*z - 83 = y. What is the tens digit of z?
2
Let a(w) be the third derivative of -w**5/60 - 23*w**4/24 + w**3/6 - 11*w**2. What is the tens digit of a(-22)?
2
Let a(y) = -3*y - 7. Let m be a(-8). Let r(i) = -i**2 + 19*i + 4. What is the tens digit of r(m)?
3
Suppose 14 = 3*s - 1. Suppose s*w - 224 = 51. What is the tens digit of w?
5
Let m(k) = -k - 13. Let b be m(-4). Let x(q) be the second derivative of q**3/6 + 13*q**2/2 - 2*q. What is the units digit of x(b)?
4
Let h be (-13)/1 + 7/((-56)/(-32)). What is the hundreds digit of 3/((2/h)/((-100)/6))?
2
Let q(f) = 104*f**2 + 38*f - 102. What is the tens digit of q(3)?
4
Let v = 1601 - 1061. What is the units digit of v?
0
Let v(i) = i + 18. Suppose -u - 1 = 7. Let t be v(u). Suppose -b + 3*d + 42 = t, 0 = b + 3*d - 44. What is the units digit of b?
8
Let l = -157 + 472. Suppose 4*h - 185 = l. Suppose 4*b - b = 2*c - 83, -4*b = -3*c + h. What is the units digit of c?
3
Suppose 13295 + 977 = 4*l - 4*j, 0 = 2*l - 6*j - 7148. What is the tens digit of l?
6
Let y be (-4)/30 - -34*3/90. What is the units digit of 1/(y/(168/4 - -1))?
3
Let h(n) = 177*n**2 + n + 2. Let m be h(-1). Suppose -3*l + 556 = v - 11, 0 = -l - 4*v + m. What is the tens digit of l?
9
Suppose -3*v + 3325 = 4*j, -4*j + 2*v + 289 + 3021 = 0. Suppose -156 - 19 = -y - 5*m, -5*y - 2*m + j = 0. What is the tens digit of y?
6
Let v = 1305 + 4748. What is the units digit of v?
3
Let z = 534 + -56. Let p = z + -339. What is the hundreds digit of p?
1
Let d be (3/2)/((-4)/(-8)). Suppose 5*x + d = -7, 5*q + 2*x = -9. What is the tens digit of (-2)/(2/(q*10))?
1
Let b(y) = 10*y**2 + 12*y - 148. What is the hundreds digit of b(9)?
7
Suppose 1312 = 89*i - 8211. What is the tens digit of i?
0
Let c(r) = -r**3 + 3*r**2 - 2*r. Let u be c(3). What is the units digit of (109 - (u - -3))*(-3)/(-4)?
4
Suppose 2 = 2*r, -2*r + 2 = -3*z + z. Suppose z*w + 3*w = 1476. What is the tens digit of w/8 - (-2)/(-4)?
6
Suppose -z + 4*y + 206 = 0, -4*z + 1454 = -5*y + 575. Suppose z = 3*n + 4*d, 2*n + 7 = -2*d + 157. What is the units digit of n?
4
Suppose -213*o + 214*o - 1 = 0. What is the tens digit of 17/51 + (-1378)/(-6) + o?
3
Suppose -7*x + 8*x - 4 = 0. Suppose 3*u = -t + 208, 6*u - x*t = 2*u + 304. What is the tens digit of u?
7
What is the units digit of (-5340)/(-8) + (-15)/10 + 1?
7
Let o = -2270 - -4956. What is the tens digit of o?
8
Let i be 24/16*8/(-3) + -16. Let n = 179 + i. What is the units digit of n?
9
Suppose -3*o + 107 = -2*w - 84, -4*w = 2*o + 390. Let x(q) = 2*q**2 - 18*q - 61. Let g be x(10). Let h = g - w. What is the tens digit of h?
5
Suppose 0 = 2*o - 2*r - 1562, 17*o - 5*r = 13*o + 3128. What is the units digit of o?
7
Suppose -2588 = -4*f + 4*c, -5*f + c + 2750 = -465. What is the tens digit of f?
4
Let g = 249 + -244. Suppose n - 4 = -0. Suppose -2*q = -g*t - 57, -157 = -5*q - n*t - 31. What is the units digit of q?
6
Let y(d) = -d**2 - 34*d + 16. What is the tens digit of y(-25)?
4
Suppose 3*f = 5*d - 2*d + 21, 5*f - 2*d - 38 = 0. Let i(z) = 18*z + 66. What is the hundreds digit of i(f)?
2
Suppose -2*t + 0 = -4. What is the tens digit of 3 - (t/2 - 69)?
7
Let j be 93/24 - 4/(-32). Suppose a - 117 = -j*x + 2*a, 89 = 3*x - 2*a. What is the tens digit of x?
2
Let f = 35 + -35. What is the units digit of -1*(2/((-6)/87) - f)?
9
Let w = 51 + -45. What is the units digit of 4/(-2)*(318/(-12) + w)?
1
Suppose -3*x - 6393 = 6*s - 9*s, -s + 5*x + 2147 = 0. What is the units digit of s?
7
Let t(v) = 2*v**2 - 4*v + 6. Let b = -3 - -28. Suppose -5*o - 5 = -b. What is the tens digit of t(o)?
2
Suppose 20*p - 5*a = 15*p + 7750, 3*p - 4652 = 5*a. What is the thousands digit of p?
1
Suppose 13*i - 14 = 6*i. Suppose 119 - 327 = -i*m. What is the tens digit of m?
0
Suppose -4*f + 4*m = -2*f - 3310, 4*f - 3*m - 6605 = 0. What is the units digit of f?
9
Suppose c - 17*w + 127 = -12*w, -2*w = c + 148. What is the hundreds digit of 7*(c/3)/((-77)/33)?
1
Suppose 3*f - 6 = -3*l + 9, -2*f = -3*l - 5. What is the hundreds digit of (143 - (0 + -3 - 1)) + l?
1
Let h = -16 - -17. Let y be h/(-1) + 103 - -2. What is the units digit of y*((-20)/(-8))/5?
2
Let b be 2 + (-9)/((-36)/(-56)). Let g = 32 + b. What is the units digit of g?
0
Suppose 0*i = 5*i + 25. Let w be (-1 - -5) + i - -7. Suppose 0 = w*m - 11*m + 165. What is the units digit of m?
3
Suppose 173*k = 172*k + 1319. What is the thousands digit of k?
1
Suppose -3*l - 12 = -r, -5*r + 8*r - 3*l - 18 = 0. Suppose r*m - 92 = m. What is the tens digit of m?
4
Let p be 5 + 1*(-7 + 4). Suppose p*i - 8 = 30. What is the units digit of i?
9
Suppose -2*v - 1877 = -4*r - v, -4*r - 3*v = -1889. What is the tens digit of r?
7
Let x(m) = m**2 + 18*m + 16. Let g be x(-17). What is the units digit of g - (-2)/(206/(-210) - -1)?
4
Let j(a) = -107*a**3 + 23*a**2 - 2*a - 2. What is the tens digit of j(-2)?
5
Suppose -28 - 35 = -3*w + 3*c, -17 = -w + 3*c. Let o = 53 - w. What is the units digit of o?
0
Let h(s) = -s**3 + 12*s**2 - 4*s - 23. Let m be ((-399)/28)/(3/(-4)). Suppose -3*g + m = -14. What is the units digit of h(g)?
4
Let r = -4 + 9. What is the units digit of 9/(-15)*-1*r?
3
Suppose -404 - 2379 = -11*h. What is the hundreds digit of h?
2
Suppose 0 = -4*b + 4*d + 836, 2*b + b + 2*d - 647 = 0. What is the units digit of b?
3
Let z be (5 + -6)*(0 + 0). Suppose z = 4*w - 5*w + 3. What is the units digit of w?
3
Let f = -10 - 11. Let r be ((-18)/f)/(4/(-28)). What is the units digit of (-1)/(-2) - 393/r?
6
Let w(v) = -v**3 - 7*v**2 - 11*v + 23. Let i be w(-10). Suppose 5*l = i - 93. What is the units digit of l?
8
Let i(n) = -36*n + 1443. What is the tens digit of i(-48)?
7
Let o(y) be the third derivative of y**5/60 + y**4/24 - y**3/6 - 5*y**2. Let w be o(-3). Let s(j) = j**3 - 5*j**2 + 3*j + 1. What is the tens digit of s(w)?
1
Suppose -10*x = -20*x + 35950. What is the hundreds digit of x?
5
Let g(r) be the second derivative of r**4/2 + r**3/2 + 3*r**2 + 15*r. What is the tens digit of g(-3)?
5
Let h be (-1 - 2)/(-3) - 1. Let s be h + (-7)/(7/(-4)). Suppose 5*j - 48 = -4*z, 1 = -z - s*j + 2. What is the tens digit of z?
1
Let n = 793 - 448. Suppose 0 = -3*s + 2*d + n + 53, -d + 395 = 3*s. What is the units digit of s?
2
Suppose 32*c = 39*c - 6237. What is the tens digit of c?
9
Let r(i) = 1021*i**2 - 6*i - 11. What is the hundreds digit of r(-2)?
0
Suppose 0 = -y - 3 + 3. Suppose -445 = -5*o - 4*u, 2*u = -3*o - y*o + 265. What is the units digit of o?
5
Let h(u) = u**2 - 8*u - 24. Let j be h(-10). Suppose -3*n + j + 30 = 4*d, 0 = -n - 3*d + 57. What is the units digit of n?
6
Let t = -2664 + 5844. What is the tens digit of t?
8
Let z be -1 + (-1)/1 - -102. Suppose 7*a + z = 11*a. Suppose 2*f - a = -3*x, 5*x + 4*f - 5*f - 20 = 0. What is the units digit of x?
5
Let z(o) = -o + 16. Let a be z(8). Suppose 2*l + 48 = a*l. What is the units digit of l?
8
Suppose 14*t - 10*t = 2428. What is the hundreds digit of t?
6
Suppose 6*w = f + 9*w + 17, -2*f + 4*w + 16 = 0. Let u be f + 1 - (-21)/(-7). Let s = 22 + u. What is the units digit of s?
8
Suppose -34 = -5*b - 9. Suppose -3*u + 2 = -u, 15 = 2*x - b*u. Let g = 16 - x. What is th